{"id":1535,"date":"2024-06-14T12:15:17","date_gmt":"2024-06-14T17:15:17","guid":{"rendered":"https:\/\/clientes.burns.pe\/hotel-libertador\/?page_id=1535"},"modified":"2025-05-07T16:56:51","modified_gmt":"2025-05-07T21:56:51","slug":"politica-de-cookies","status":"publish","type":"page","link":"https:\/\/clientes.burns.pe\/hotel-libertador\/politica-de-cookies\/","title":{"rendered":"Pol\u00edtica de Cookies"},"content":{"rendered":"\n<p>Este documento contiene la Pol\u00edtica de Cookies de, Inversiones Nacionales de Turismo S.A. (en adelante, INTURSA) domiciliada en la Calle Amador Merino Reyna Nro. 551, distrito de San Isidro, provincia y departamento de Lima, Per\u00fa, respecto del sitio web: <a href=\"https:\/\/www.intursa.com.pe\/\" target=\"_blank\" rel=\"noopener noreferrer\">https:\/\/www.intursa.com.pe\/<\/a><\/p>\n<p>Nuestra p\u00e1gina web utiliza cookies propias y de terceros con el fin de habilitar, mejorar y analizar las acciones y operaciones del sitio. La informaci\u00f3n recopilada a trav\u00e9s de las cookies puede incluir direcciones de protocolo de Internet (IP), tipo de navegador, proveedor de servicio de Internet (ISP), p\u00e1ginas de referencia, archivos visualizados en nuestro sitio, sistema operativo, registro de fecha\/hora y\/o datos de rastreo de toques, entre otrosc.<\/p>\n\n\n\n<h4 class=\"wp-block-heading\"><strong class=\"text--uppercase\">1. \u00bfQu\u00e9 son los cookies?<\/strong><\/h4>\n\n\n\n<p>Las cookies son peque\u00f1os archivos de texto que los sitios web instalan en la computadora o dispositivo m\u00f3vil de los usuarios que los visitan<\/p>\n\n\n\n<h4 class=\"wp-block-heading\"><strong>2. TIPOS DE COOKIES QUE PODR\u00cdAN DESCARGARSE AL UTILIZAR NUESTRO SITIO WEB<\/strong><\/h4>\n\n\n\n<p>Para los fines de esta pol\u00edtica, las cookies se pueden dividir en las siguientes categor\u00edas:<\/p>\n\n\n\n<ul class=\"wp-block-list\" style=\"margin-bottom: 15px;\">\n    <li><strong>Cookies Estrictamente Necesarias:<\/strong> Son necesarias para que el sitio web funcione correctamente, sin las cuales el sitio no funcionar\u00eda.<\/li>\n    <li><strong>Cookies de Rendimiento (Performance):<\/strong> Estas cookies supervisan el rendimiento del sitio web a medida que el usuario interact\u00faa con \u00e9l.<\/li>\n    <li><strong>Cookies Funcionales (Functional):<\/strong> Se usan para personalizar y mejorar la experiencia de navegaci\u00f3n de los usuarios. Son an\u00f3nimas y no rastrean la actividad de navegaci\u00f3n en otros sitios web.<\/li>\n    <li><strong>Cookies de Publicidad (Advertising):<\/strong> Dise\u00f1adas espec\u00edficamente para recopilar informaci\u00f3n para mostrar anuncios basados en intereses o preferencias.<\/li>\n    <li><strong>Cookies de Seguimiento u Otras (Tracking Cookies, Third Party Marketing Cookies o Targeting Cookies):<\/strong> Estas cookies se pueden establecer a trav\u00e9s de nuestro sitio, por nuestros socios publicitarios. Pueden ser utilizados por esas empresas para crear un perfil de sus intereses y mostrarle publicidad relevante en otros sitios.<\/li>\n<\/ul>\n\n\n\n<h4 class=\"wp-block-heading\"><strong>3. ACEPTACI\u00d3N DE COOKIES<\/strong><\/h4>\n\n\n\n<p>Cuando usted ingrese a nuestra p\u00e1gina web, ver\u00e1 un banner a trav\u00e9s del cual podr\u00e1 decidir entre:<\/p>\n<ul class=\"list\" style=\"list-style: lower-alpha;\">\n    <li>Aceptar la instalaci\u00f3n y funcionamiento de todas las cookies: tanto las estrictamente necesarias, as\u00ed como las de an\u00e1lisis, comportamiento y otras, mediante la opci\u00f3n \u201cAcepto todas las cookies\u201d<\/li>\n    <li>Limitar la instalaci\u00f3n y funcionamiento de las cookies a las estrictamente necesarias para que usted pueda navegar en esta p\u00e1gina web, mediante la opci\u00f3n \u201cS\u00f3lo autorizo las cookies estrictamente necesarias\u201d<\/li>\n    <li>Configurar la aceptaci\u00f3n y\/o denegaci\u00f3n por cada tipo de cookie.<\/li>\n<\/ul>\n\n\n\n<p>Asimismo, en cualquier momento, usted podr\u00e1 ajustar las cookies y las preferencias de procesamiento de datos utilizando el men\u00fa de opciones de su navegador.<\/p>\n<p>El detalle de las cookies de nuestra p\u00e1gina web, sus funciones y tiempo de almacenamiento se describen a continuaci\u00f3n:<\/p>\n\n\n\n<figure class=\"wp-block-table\">\n    <table class=\"has-fixed-layout\" style=\"text-align: center;\">\n        <tbody>\n            <tr>\n                <td style=\"background-color: #E2DED8; border-color:#E8E8E8;\">Nombre<\/td>\n                <td style=\"background-color: #E2DED8; border-color:#E8E8E8;\">Finalidad<\/td>\n                <td style=\"background-color: #E2DED8; border-color:#E8E8E8;\">Tiempo<\/td>\n                <td style=\"background-color: #E2DED8; border-color:#E8E8E8;\">Proveedor<\/td>\n            <\/tr>\n            <tr>\n                <td style=\"border-color:#D7D7D7;\">_ga<\/td>\n                <td style=\"border-color:#D7D7D7;\">Se utiliza para distinguir usuarios (capta sesi\u00f3n, campa\u00f1as)<\/td>\n                <td style=\"border-color:#D7D7D7;\">2 A\u00f1os<\/td>\n                <td style=\"border-color:#D7D7D7;\">Terceros<\/td>\n            <\/tr>\n            <tr>\n                <td style=\"border-color:#D7D7D7;\">_ga_(property-id)<\/td>\n                <td style=\"border-color:#D7D7D7;\">Se utiliza para conservar el estado de la sesi\u00f3n. (Capta el estado de la sesi\u00f3n)<\/td>\n                <td style=\"border-color:#D7D7D7;\">2 A\u00f1os<\/td>\n                <td style=\"border-color:#D7D7D7;\">Terceros<\/td>\n            <\/tr>\n            <tr>\n                <td style=\"border-color:#D7D7D7;\">wordpress_test_cookie<\/td>\n                <td style=\"border-color:#D7D7D7;\">Prueba que el navegador acepta cookies<\/td>\n                <td style=\"border-color:#D7D7D7;\">Por sesi\u00f3n<\/td>\n                <td style=\"border-color:#D7D7D7;\">Propias<\/td>\n            <\/tr>\n            <tr>\n                <td style=\"border-color:#D7D7D7;\">user_acepts_cookies<\/td>\n                <td style=\"border-color:#D7D7D7;\">Recordar si el usuario acepta cookies (Capta si el usuario acepta cookies)<\/td>\n                <td style=\"border-color:#D7D7D7;\">1 a\u00f1o<\/td>\n                <td style=\"border-color:#D7D7D7;\">Propias<\/td>\n            <\/tr>\n            \n        <\/tbody>\n    <\/table>\n<\/figure>\n\n\n\n<p>Dicha pol\u00edtica puede ser actualizada peri\u00f3dicamente, sugerimos a nuestros Clientes y\/o usuarios que la revisen de forma regular.<\/p>\n<p>Cookies utilizadas<\/p>\n\n\n<ul class=\"wp-block-list\">\n    <li>\n        Coockies terceros:\n        <ul class=\"wp-block-list\">\n            <li> <strong>_ga:<\/strong>\u00a0Se utiliza para distinguir usuarios. (Capta sesi\u00f3n, campa\u00f1as) \u2013 Caducidad en 02 a\u00f1os.<\/li>\n            <li><strong>_ga_{property-id}:<\/strong>\u00a0Se utiliza para conservar el estado de la sesi\u00f3n. (Capta el estado de la sesi\u00f3n) \u2013 Caducidad en 02 a\u00f1os.<\/li>\n        <\/ul>\n    <\/li>\n    <li>\n        Cookies propias:\n        <ul class=\"wp-block-list\">\n            <li><strong>wordpress_test_cookie:<\/strong>\u00a0Prueba que el navegador acepta cookies. Caducidad por sesi\u00f3n.<\/li>\n            <li><strong>user_acepts_coockies:<\/strong>\u00a0Recordar si el usuario acepta coockies (Capta si el usuario acepta coockies). Caducidad en 01 a\u00f1o.<\/li>\n        <\/ul>\n    <\/li>\n<\/ul>\n","protected":false},"excerpt":{"rendered":"<p>Este documento contiene la Pol\u00edtica de Cookies de, Inversiones Nacionales de Turismo S.A. (en adelante, INTURSA) domiciliada en la Calle Amador Merino Reyna Nro. 551, distrito de San Isidro, provincia y departamento de Lima, Per\u00fa, respecto del sitio web: https:\/\/www.intursa.com.pe\/ Nuestra p\u00e1gina web utiliza cookies propias y de terceros con el fin de habilitar, mejorar [&hellip;]<\/p>\n","protected":false},"author":1,"featured_media":0,"parent":0,"menu_order":0,"comment_status":"closed","ping_status":"closed","template":"page-politicas.php","meta":{"footnotes":""},"class_list":["post-1535","page","type-page","status-publish","hentry"],"acf":[],"yoast_head":"<!-- This site is optimized with the Yoast SEO plugin v22.6 - https:\/\/yoast.com\/wordpress\/plugins\/seo\/ -->\n<title>Intursa - Pol\u00edtica de Cookies<\/title>\n<meta name=\"robots\" content=\"noindex, follow, max-snippet:-1, max-image-preview:large, max-video-preview:-1\" \/>\n<meta property=\"og:locale\" content=\"es_ES\" \/>\n<meta property=\"og:type\" content=\"article\" \/>\n<meta property=\"og:title\" content=\"Intursa - Pol\u00edtica de Cookies\" \/>\n<meta property=\"og:description\" content=\"Este documento contiene la Pol\u00edtica de Cookies de, Inversiones Nacionales de Turismo S.A. (en adelante, INTURSA) domiciliada en la Calle Amador Merino Reyna Nro. 551, distrito de San Isidro, provincia y departamento de Lima, Per\u00fa, respecto del sitio web: https:\/\/www.intursa.com.pe\/ Nuestra p\u00e1gina web utiliza cookies propias y de terceros con el fin de habilitar, mejorar [&hellip;]\" \/>\n<meta property=\"og:url\" content=\"https:\/\/clientes.burns.pe\/hotel-libertador\/politica-de-cookies\/\" \/>\n<meta property=\"og:site_name\" content=\"Intursa\" \/>\n<meta property=\"article:publisher\" content=\"https:\/\/www.facebook.com\/hoteleslibertador\/\" \/>\n<meta property=\"article:modified_time\" content=\"2025-05-07T21:56:51+00:00\" \/>\n<meta property=\"og:image\" content=\"https:\/\/clientes.burns.pe\/hotel-libertador\/wp-content\/uploads\/2023\/04\/screenshot.png\" \/>\n\t<meta property=\"og:image:width\" content=\"1200\" \/>\n\t<meta property=\"og:image:height\" content=\"900\" \/>\n\t<meta property=\"og:image:type\" content=\"image\/png\" \/>\n<meta name=\"twitter:card\" content=\"summary_large_image\" \/>\n<meta name=\"twitter:site\" content=\"@Libertadorhtls\" \/>\n<meta name=\"twitter:label1\" content=\"Est. reading time\" \/>\n\t<meta name=\"twitter:data1\" content=\"7 minutos\" \/>\n<script type=\"application\/ld+json\" class=\"yoast-schema-graph\">{\"@context\":\"https:\/\/schema.org\",\"@graph\":[{\"@type\":\"WebPage\",\"@id\":\"https:\/\/clientes.burns.pe\/hotel-libertador\/politica-de-cookies\/\",\"url\":\"https:\/\/clientes.burns.pe\/hotel-libertador\/politica-de-cookies\/\",\"name\":\"Intursa - Pol\u00edtica de Cookies\",\"isPartOf\":{\"@id\":\"https:\/\/clientes.burns.pe\/hotel-libertador\/#website\"},\"datePublished\":\"2024-06-14T17:15:17+00:00\",\"dateModified\":\"2025-05-07T21:56:51+00:00\",\"breadcrumb\":{\"@id\":\"https:\/\/clientes.burns.pe\/hotel-libertador\/politica-de-cookies\/#breadcrumb\"},\"inLanguage\":\"es-PE\",\"potentialAction\":[{\"@type\":\"ReadAction\",\"target\":[\"https:\/\/clientes.burns.pe\/hotel-libertador\/politica-de-cookies\/\"]}]},{\"@type\":\"BreadcrumbList\",\"@id\":\"https:\/\/clientes.burns.pe\/hotel-libertador\/politica-de-cookies\/#breadcrumb\",\"itemListElement\":[{\"@type\":\"ListItem\",\"position\":1,\"name\":\"Home\",\"item\":\"https:\/\/clientes.burns.pe\/hotel-libertador\/\"},{\"@type\":\"ListItem\",\"position\":2,\"name\":\"Pol\u00edtica de Cookies\"}]},{\"@type\":\"WebSite\",\"@id\":\"https:\/\/clientes.burns.pe\/hotel-libertador\/#website\",\"url\":\"https:\/\/clientes.burns.pe\/hotel-libertador\/\",\"name\":\"Hotel Libertador\",\"description\":\"Intursa, Lima, Cuzco, Paracas y Puno. Reserve en los mejores hoteles para su estancia. Reservas al +51(1)518-6300\",\"publisher\":{\"@id\":\"https:\/\/clientes.burns.pe\/hotel-libertador\/#organization\"},\"potentialAction\":[{\"@type\":\"SearchAction\",\"target\":{\"@type\":\"EntryPoint\",\"urlTemplate\":\"https:\/\/clientes.burns.pe\/hotel-libertador\/?s={search_term_string}\"},\"query-input\":\"required name=search_term_string\"}],\"inLanguage\":\"es-PE\"},{\"@type\":\"Organization\",\"@id\":\"https:\/\/clientes.burns.pe\/hotel-libertador\/#organization\",\"name\":\"Hotel Libertador\",\"url\":\"https:\/\/clientes.burns.pe\/hotel-libertador\/\",\"logo\":{\"@type\":\"ImageObject\",\"inLanguage\":\"es-PE\",\"@id\":\"https:\/\/clientes.burns.pe\/hotel-libertador\/#\/schema\/logo\/image\/\",\"url\":\"http:\/\/hotelibertador.test\/wp-content\/uploads\/2023\/04\/screenshot.png\",\"contentUrl\":\"http:\/\/hotelibertador.test\/wp-content\/uploads\/2023\/04\/screenshot.png\",\"width\":1200,\"height\":900,\"caption\":\"Hotel Libertador\"},\"image\":{\"@id\":\"https:\/\/clientes.burns.pe\/hotel-libertador\/#\/schema\/logo\/image\/\"},\"sameAs\":[\"https:\/\/www.facebook.com\/hoteleslibertador\/\",\"https:\/\/x.com\/Libertadorhtls\",\"https:\/\/www.youtube.com\/user\/LibertadorHotelsRS\"]}]}<\/script>\n<!-- \/ Yoast SEO plugin. -->","yoast_head_json":{"title":"Intursa - Pol\u00edtica de Cookies","robots":{"index":"noindex","follow":"follow","max-snippet":"max-snippet:-1","max-image-preview":"max-image-preview:large","max-video-preview":"max-video-preview:-1"},"og_locale":"es_ES","og_type":"article","og_title":"Intursa - Pol\u00edtica de Cookies","og_description":"Este documento contiene la Pol\u00edtica de Cookies de, Inversiones Nacionales de Turismo S.A. (en adelante, INTURSA) domiciliada en la Calle Amador Merino Reyna Nro. 551, distrito de San Isidro, provincia y departamento de Lima, Per\u00fa, respecto del sitio web: https:\/\/www.intursa.com.pe\/ Nuestra p\u00e1gina web utiliza cookies propias y de terceros con el fin de habilitar, mejorar [&hellip;]","og_url":"https:\/\/clientes.burns.pe\/hotel-libertador\/politica-de-cookies\/","og_site_name":"Intursa","article_publisher":"https:\/\/www.facebook.com\/hoteleslibertador\/","article_modified_time":"2025-05-07T21:56:51+00:00","og_image":[{"width":1200,"height":900,"url":"https:\/\/clientes.burns.pe\/hotel-libertador\/wp-content\/uploads\/2023\/04\/screenshot.png","type":"image\/png"}],"twitter_card":"summary_large_image","twitter_site":"@Libertadorhtls","twitter_misc":{"Est. reading time":"7 minutos"},"schema":{"@context":"https:\/\/schema.org","@graph":[{"@type":"WebPage","@id":"https:\/\/clientes.burns.pe\/hotel-libertador\/politica-de-cookies\/","url":"https:\/\/clientes.burns.pe\/hotel-libertador\/politica-de-cookies\/","name":"Intursa - Pol\u00edtica de Cookies","isPartOf":{"@id":"https:\/\/clientes.burns.pe\/hotel-libertador\/#website"},"datePublished":"2024-06-14T17:15:17+00:00","dateModified":"2025-05-07T21:56:51+00:00","breadcrumb":{"@id":"https:\/\/clientes.burns.pe\/hotel-libertador\/politica-de-cookies\/#breadcrumb"},"inLanguage":"es-PE","potentialAction":[{"@type":"ReadAction","target":["https:\/\/clientes.burns.pe\/hotel-libertador\/politica-de-cookies\/"]}]},{"@type":"BreadcrumbList","@id":"https:\/\/clientes.burns.pe\/hotel-libertador\/politica-de-cookies\/#breadcrumb","itemListElement":[{"@type":"ListItem","position":1,"name":"Home","item":"https:\/\/clientes.burns.pe\/hotel-libertador\/"},{"@type":"ListItem","position":2,"name":"Pol\u00edtica de Cookies"}]},{"@type":"WebSite","@id":"https:\/\/clientes.burns.pe\/hotel-libertador\/#website","url":"https:\/\/clientes.burns.pe\/hotel-libertador\/","name":"Hotel Libertador","description":"Intursa, Lima, Cuzco, Paracas y Puno. Reserve en los mejores hoteles para su estancia. Reservas al +51(1)518-6300","publisher":{"@id":"https:\/\/clientes.burns.pe\/hotel-libertador\/#organization"},"potentialAction":[{"@type":"SearchAction","target":{"@type":"EntryPoint","urlTemplate":"https:\/\/clientes.burns.pe\/hotel-libertador\/?s={search_term_string}"},"query-input":"required name=search_term_string"}],"inLanguage":"es-PE"},{"@type":"Organization","@id":"https:\/\/clientes.burns.pe\/hotel-libertador\/#organization","name":"Hotel Libertador","url":"https:\/\/clientes.burns.pe\/hotel-libertador\/","logo":{"@type":"ImageObject","inLanguage":"es-PE","@id":"https:\/\/clientes.burns.pe\/hotel-libertador\/#\/schema\/logo\/image\/","url":"http:\/\/hotelibertador.test\/wp-content\/uploads\/2023\/04\/screenshot.png","contentUrl":"http:\/\/hotelibertador.test\/wp-content\/uploads\/2023\/04\/screenshot.png","width":1200,"height":900,"caption":"Hotel Libertador"},"image":{"@id":"https:\/\/clientes.burns.pe\/hotel-libertador\/#\/schema\/logo\/image\/"},"sameAs":["https:\/\/www.facebook.com\/hoteleslibertador\/","https:\/\/x.com\/Libertadorhtls","https:\/\/www.youtube.com\/user\/LibertadorHotelsRS"]}]}},"_links":{"self":[{"href":"https:\/\/clientes.burns.pe\/hotel-libertador\/wp-json\/wp\/v2\/pages\/1535","targetHints":{"allow":["GET"]}}],"collection":[{"href":"https:\/\/clientes.burns.pe\/hotel-libertador\/wp-json\/wp\/v2\/pages"}],"about":[{"href":"https:\/\/clientes.burns.pe\/hotel-libertador\/wp-json\/wp\/v2\/types\/page"}],"author":[{"embeddable":true,"href":"https:\/\/clientes.burns.pe\/hotel-libertador\/wp-json\/wp\/v2\/users\/1"}],"replies":[{"embeddable":true,"href":"https:\/\/clientes.burns.pe\/hotel-libertador\/wp-json\/wp\/v2\/comments?post=1535"}],"version-history":[{"count":18,"href":"https:\/\/clientes.burns.pe\/hotel-libertador\/wp-json\/wp\/v2\/pages\/1535\/revisions"}],"predecessor-version":[{"id":3304,"href":"https:\/\/clientes.burns.pe\/hotel-libertador\/wp-json\/wp\/v2\/pages\/1535\/revisions\/3304"}],"wp:attachment":[{"href":"https:\/\/clientes.burns.pe\/hotel-libertador\/wp-json\/wp\/v2\/media?parent=1535"}],"curies":[{"name":"wp","href":"https:\/\/api.w.org\/{rel}","templated":true}]}}