{"id":259,"date":"2023-03-27T10:36:15","date_gmt":"2023-03-27T15:36:15","guid":{"rendered":"http:\/\/hotelibertador.test\/?page_id=259"},"modified":"2024-07-10T19:14:02","modified_gmt":"2024-07-11T00:14:02","slug":"responsabilidad-ambiental","status":"publish","type":"page","link":"https:\/\/clientes.burns.pe\/hotel-libertador\/sostenibilidad\/responsabilidad-ambiental\/","title":{"rendered":"Responsabilidad ambiental"},"content":{"rendered":"","protected":false},"excerpt":{"rendered":"<p>Proponemos constantemente iniciativas para reducir el uso de agua, energ\u00eda el\u00e9ctrica y combustible, reusar las aguas residuales a trav\u00e9s de plantas de tratamiento que permiten el regado de jardines, y reciclar papel y pl\u00e1stico, entre otros programas que detallamos a continuaci\u00f3n.<\/p>\n","protected":false},"author":1,"featured_media":1733,"parent":129,"menu_order":0,"comment_status":"closed","ping_status":"closed","template":"page-sostenibilidad-internal.php","meta":{"footnotes":""},"class_list":["post-259","page","type-page","status-publish","has-post-thumbnail","hentry"],"acf":[],"yoast_head":"<!-- This site is optimized with the Yoast SEO plugin v22.6 - https:\/\/yoast.com\/wordpress\/plugins\/seo\/ -->\n<title>Intursa - Responsabilidad ambiental<\/title>\n<meta name=\"description\" content=\"Tenemos un compromiso con el medio ambiente. Conozca las medidas que tomamos en nuestros hoteles y resorts para minimizar impactos ambientales.\" \/>\n<meta name=\"robots\" content=\"noindex, follow, max-snippet:-1, max-image-preview:large, max-video-preview:-1\" \/>\n<meta property=\"og:locale\" content=\"es_ES\" \/>\n<meta property=\"og:type\" content=\"article\" \/>\n<meta property=\"og:title\" content=\"Intursa - Responsabilidad ambiental\" \/>\n<meta property=\"og:description\" content=\"Tenemos un compromiso con el medio ambiente. Conozca las medidas que tomamos en nuestros hoteles y resorts para minimizar impactos ambientales.\" \/>\n<meta property=\"og:url\" content=\"https:\/\/clientes.burns.pe\/hotel-libertador\/sostenibilidad\/responsabilidad-ambiental\/\" \/>\n<meta property=\"og:site_name\" content=\"Intursa\" \/>\n<meta property=\"article:publisher\" content=\"https:\/\/www.facebook.com\/hoteleslibertador\/\" \/>\n<meta property=\"article:modified_time\" content=\"2024-07-11T00:14:02+00:00\" \/>\n<meta property=\"og:image\" content=\"https:\/\/clientes.burns.pe\/hotel-libertador\/wp-content\/uploads\/2024\/07\/Hotel-Paracas-a-Luxury-Collection-18-1-1-1.jpg\" \/>\n\t<meta property=\"og:image:width\" content=\"918\" \/>\n\t<meta property=\"og:image:height\" content=\"1158\" \/>\n\t<meta property=\"og:image:type\" content=\"image\/jpeg\" \/>\n<meta name=\"twitter:card\" content=\"summary_large_image\" \/>\n<meta name=\"twitter:site\" content=\"@Libertadorhtls\" \/>\n<meta name=\"twitter:label1\" content=\"Est. reading time\" \/>\n\t<meta name=\"twitter:data1\" content=\"1 minuto\" \/>\n<script type=\"application\/ld+json\" class=\"yoast-schema-graph\">{\"@context\":\"https:\/\/schema.org\",\"@graph\":[{\"@type\":\"WebPage\",\"@id\":\"https:\/\/clientes.burns.pe\/hotel-libertador\/sostenibilidad\/responsabilidad-ambiental\/\",\"url\":\"https:\/\/clientes.burns.pe\/hotel-libertador\/sostenibilidad\/responsabilidad-ambiental\/\",\"name\":\"Intursa - Responsabilidad ambiental\",\"isPartOf\":{\"@id\":\"https:\/\/clientes.burns.pe\/hotel-libertador\/#website\"},\"primaryImageOfPage\":{\"@id\":\"https:\/\/clientes.burns.pe\/hotel-libertador\/sostenibilidad\/responsabilidad-ambiental\/#primaryimage\"},\"image\":{\"@id\":\"https:\/\/clientes.burns.pe\/hotel-libertador\/sostenibilidad\/responsabilidad-ambiental\/#primaryimage\"},\"thumbnailUrl\":\"https:\/\/clientes.burns.pe\/hotel-libertador\/wp-content\/uploads\/2024\/07\/Hotel-Paracas-a-Luxury-Collection-18-1-1-1.jpg\",\"datePublished\":\"2023-03-27T15:36:15+00:00\",\"dateModified\":\"2024-07-11T00:14:02+00:00\",\"description\":\"Tenemos un compromiso con el medio ambiente. Conozca las medidas que tomamos en nuestros hoteles y resorts para minimizar impactos ambientales.\",\"breadcrumb\":{\"@id\":\"https:\/\/clientes.burns.pe\/hotel-libertador\/sostenibilidad\/responsabilidad-ambiental\/#breadcrumb\"},\"inLanguage\":\"es-PE\",\"potentialAction\":[{\"@type\":\"ReadAction\",\"target\":[\"https:\/\/clientes.burns.pe\/hotel-libertador\/sostenibilidad\/responsabilidad-ambiental\/\"]}]},{\"@type\":\"ImageObject\",\"inLanguage\":\"es-PE\",\"@id\":\"https:\/\/clientes.burns.pe\/hotel-libertador\/sostenibilidad\/responsabilidad-ambiental\/#primaryimage\",\"url\":\"https:\/\/clientes.burns.pe\/hotel-libertador\/wp-content\/uploads\/2024\/07\/Hotel-Paracas-a-Luxury-Collection-18-1-1-1.jpg\",\"contentUrl\":\"https:\/\/clientes.burns.pe\/hotel-libertador\/wp-content\/uploads\/2024\/07\/Hotel-Paracas-a-Luxury-Collection-18-1-1-1.jpg\",\"width\":918,\"height\":1158},{\"@type\":\"BreadcrumbList\",\"@id\":\"https:\/\/clientes.burns.pe\/hotel-libertador\/sostenibilidad\/responsabilidad-ambiental\/#breadcrumb\",\"itemListElement\":[{\"@type\":\"ListItem\",\"position\":1,\"name\":\"Home\",\"item\":\"https:\/\/clientes.burns.pe\/hotel-libertador\/\"},{\"@type\":\"ListItem\",\"position\":2,\"name\":\"Sostenibilidad\",\"item\":\"https:\/\/clientes.burns.pe\/hotel-libertador\/sostenibilidad\/\"},{\"@type\":\"ListItem\",\"position\":3,\"name\":\"Responsabilidad ambiental\"}]},{\"@type\":\"WebSite\",\"@id\":\"https:\/\/clientes.burns.pe\/hotel-libertador\/#website\",\"url\":\"https:\/\/clientes.burns.pe\/hotel-libertador\/\",\"name\":\"Hotel Libertador\",\"description\":\"Intursa, Lima, Cuzco, Paracas y Puno. Reserve en los mejores hoteles para su estancia. Reservas al +51(1)518-6300\",\"publisher\":{\"@id\":\"https:\/\/clientes.burns.pe\/hotel-libertador\/#organization\"},\"potentialAction\":[{\"@type\":\"SearchAction\",\"target\":{\"@type\":\"EntryPoint\",\"urlTemplate\":\"https:\/\/clientes.burns.pe\/hotel-libertador\/?s={search_term_string}\"},\"query-input\":\"required name=search_term_string\"}],\"inLanguage\":\"es-PE\"},{\"@type\":\"Organization\",\"@id\":\"https:\/\/clientes.burns.pe\/hotel-libertador\/#organization\",\"name\":\"Hotel Libertador\",\"url\":\"https:\/\/clientes.burns.pe\/hotel-libertador\/\",\"logo\":{\"@type\":\"ImageObject\",\"inLanguage\":\"es-PE\",\"@id\":\"https:\/\/clientes.burns.pe\/hotel-libertador\/#\/schema\/logo\/image\/\",\"url\":\"http:\/\/hotelibertador.test\/wp-content\/uploads\/2023\/04\/screenshot.png\",\"contentUrl\":\"http:\/\/hotelibertador.test\/wp-content\/uploads\/2023\/04\/screenshot.png\",\"width\":1200,\"height\":900,\"caption\":\"Hotel Libertador\"},\"image\":{\"@id\":\"https:\/\/clientes.burns.pe\/hotel-libertador\/#\/schema\/logo\/image\/\"},\"sameAs\":[\"https:\/\/www.facebook.com\/hoteleslibertador\/\",\"https:\/\/x.com\/Libertadorhtls\",\"https:\/\/www.youtube.com\/user\/LibertadorHotelsRS\"]}]}<\/script>\n<!-- \/ Yoast SEO plugin. -->","yoast_head_json":{"title":"Intursa - Responsabilidad ambiental","description":"Tenemos un compromiso con el medio ambiente. Conozca las medidas que tomamos en nuestros hoteles y resorts para minimizar impactos ambientales.","robots":{"index":"noindex","follow":"follow","max-snippet":"max-snippet:-1","max-image-preview":"max-image-preview:large","max-video-preview":"max-video-preview:-1"},"og_locale":"es_ES","og_type":"article","og_title":"Intursa - Responsabilidad ambiental","og_description":"Tenemos un compromiso con el medio ambiente. Conozca las medidas que tomamos en nuestros hoteles y resorts para minimizar impactos ambientales.","og_url":"https:\/\/clientes.burns.pe\/hotel-libertador\/sostenibilidad\/responsabilidad-ambiental\/","og_site_name":"Intursa","article_publisher":"https:\/\/www.facebook.com\/hoteleslibertador\/","article_modified_time":"2024-07-11T00:14:02+00:00","og_image":[{"width":918,"height":1158,"url":"https:\/\/clientes.burns.pe\/hotel-libertador\/wp-content\/uploads\/2024\/07\/Hotel-Paracas-a-Luxury-Collection-18-1-1-1.jpg","type":"image\/jpeg"}],"twitter_card":"summary_large_image","twitter_site":"@Libertadorhtls","twitter_misc":{"Est. reading time":"1 minuto"},"schema":{"@context":"https:\/\/schema.org","@graph":[{"@type":"WebPage","@id":"https:\/\/clientes.burns.pe\/hotel-libertador\/sostenibilidad\/responsabilidad-ambiental\/","url":"https:\/\/clientes.burns.pe\/hotel-libertador\/sostenibilidad\/responsabilidad-ambiental\/","name":"Intursa - Responsabilidad ambiental","isPartOf":{"@id":"https:\/\/clientes.burns.pe\/hotel-libertador\/#website"},"primaryImageOfPage":{"@id":"https:\/\/clientes.burns.pe\/hotel-libertador\/sostenibilidad\/responsabilidad-ambiental\/#primaryimage"},"image":{"@id":"https:\/\/clientes.burns.pe\/hotel-libertador\/sostenibilidad\/responsabilidad-ambiental\/#primaryimage"},"thumbnailUrl":"https:\/\/clientes.burns.pe\/hotel-libertador\/wp-content\/uploads\/2024\/07\/Hotel-Paracas-a-Luxury-Collection-18-1-1-1.jpg","datePublished":"2023-03-27T15:36:15+00:00","dateModified":"2024-07-11T00:14:02+00:00","description":"Tenemos un compromiso con el medio ambiente. Conozca las medidas que tomamos en nuestros hoteles y resorts para minimizar impactos ambientales.","breadcrumb":{"@id":"https:\/\/clientes.burns.pe\/hotel-libertador\/sostenibilidad\/responsabilidad-ambiental\/#breadcrumb"},"inLanguage":"es-PE","potentialAction":[{"@type":"ReadAction","target":["https:\/\/clientes.burns.pe\/hotel-libertador\/sostenibilidad\/responsabilidad-ambiental\/"]}]},{"@type":"ImageObject","inLanguage":"es-PE","@id":"https:\/\/clientes.burns.pe\/hotel-libertador\/sostenibilidad\/responsabilidad-ambiental\/#primaryimage","url":"https:\/\/clientes.burns.pe\/hotel-libertador\/wp-content\/uploads\/2024\/07\/Hotel-Paracas-a-Luxury-Collection-18-1-1-1.jpg","contentUrl":"https:\/\/clientes.burns.pe\/hotel-libertador\/wp-content\/uploads\/2024\/07\/Hotel-Paracas-a-Luxury-Collection-18-1-1-1.jpg","width":918,"height":1158},{"@type":"BreadcrumbList","@id":"https:\/\/clientes.burns.pe\/hotel-libertador\/sostenibilidad\/responsabilidad-ambiental\/#breadcrumb","itemListElement":[{"@type":"ListItem","position":1,"name":"Home","item":"https:\/\/clientes.burns.pe\/hotel-libertador\/"},{"@type":"ListItem","position":2,"name":"Sostenibilidad","item":"https:\/\/clientes.burns.pe\/hotel-libertador\/sostenibilidad\/"},{"@type":"ListItem","position":3,"name":"Responsabilidad ambiental"}]},{"@type":"WebSite","@id":"https:\/\/clientes.burns.pe\/hotel-libertador\/#website","url":"https:\/\/clientes.burns.pe\/hotel-libertador\/","name":"Hotel Libertador","description":"Intursa, Lima, Cuzco, Paracas y Puno. Reserve en los mejores hoteles para su estancia. Reservas al +51(1)518-6300","publisher":{"@id":"https:\/\/clientes.burns.pe\/hotel-libertador\/#organization"},"potentialAction":[{"@type":"SearchAction","target":{"@type":"EntryPoint","urlTemplate":"https:\/\/clientes.burns.pe\/hotel-libertador\/?s={search_term_string}"},"query-input":"required name=search_term_string"}],"inLanguage":"es-PE"},{"@type":"Organization","@id":"https:\/\/clientes.burns.pe\/hotel-libertador\/#organization","name":"Hotel Libertador","url":"https:\/\/clientes.burns.pe\/hotel-libertador\/","logo":{"@type":"ImageObject","inLanguage":"es-PE","@id":"https:\/\/clientes.burns.pe\/hotel-libertador\/#\/schema\/logo\/image\/","url":"http:\/\/hotelibertador.test\/wp-content\/uploads\/2023\/04\/screenshot.png","contentUrl":"http:\/\/hotelibertador.test\/wp-content\/uploads\/2023\/04\/screenshot.png","width":1200,"height":900,"caption":"Hotel Libertador"},"image":{"@id":"https:\/\/clientes.burns.pe\/hotel-libertador\/#\/schema\/logo\/image\/"},"sameAs":["https:\/\/www.facebook.com\/hoteleslibertador\/","https:\/\/x.com\/Libertadorhtls","https:\/\/www.youtube.com\/user\/LibertadorHotelsRS"]}]}},"_links":{"self":[{"href":"https:\/\/clientes.burns.pe\/hotel-libertador\/wp-json\/wp\/v2\/pages\/259","targetHints":{"allow":["GET"]}}],"collection":[{"href":"https:\/\/clientes.burns.pe\/hotel-libertador\/wp-json\/wp\/v2\/pages"}],"about":[{"href":"https:\/\/clientes.burns.pe\/hotel-libertador\/wp-json\/wp\/v2\/types\/page"}],"author":[{"embeddable":true,"href":"https:\/\/clientes.burns.pe\/hotel-libertador\/wp-json\/wp\/v2\/users\/1"}],"replies":[{"embeddable":true,"href":"https:\/\/clientes.burns.pe\/hotel-libertador\/wp-json\/wp\/v2\/comments?post=259"}],"version-history":[{"count":22,"href":"https:\/\/clientes.burns.pe\/hotel-libertador\/wp-json\/wp\/v2\/pages\/259\/revisions"}],"predecessor-version":[{"id":1735,"href":"https:\/\/clientes.burns.pe\/hotel-libertador\/wp-json\/wp\/v2\/pages\/259\/revisions\/1735"}],"up":[{"embeddable":true,"href":"https:\/\/clientes.burns.pe\/hotel-libertador\/wp-json\/wp\/v2\/pages\/129"}],"wp:featuredmedia":[{"embeddable":true,"href":"https:\/\/clientes.burns.pe\/hotel-libertador\/wp-json\/wp\/v2\/media\/1733"}],"wp:attachment":[{"href":"https:\/\/clientes.burns.pe\/hotel-libertador\/wp-json\/wp\/v2\/media?parent=259"}],"curies":[{"name":"wp","href":"https:\/\/api.w.org\/{rel}","templated":true}]}}