{"id":315,"date":"2023-03-30T16:44:30","date_gmt":"2023-03-30T21:44:30","guid":{"rendered":"http:\/\/hotelibertador.test\/?page_id=315"},"modified":"2024-06-10T13:31:10","modified_gmt":"2024-06-10T18:31:10","slug":"proteccion-de-datos","status":"publish","type":"page","link":"https:\/\/clientes.burns.pe\/hotel-libertador\/proteccion-de-datos\/","title":{"rendered":"Protecci\u00f3n de datos"},"content":{"rendered":"<h2>Pol\u00edtica de protecci\u00f3n de datos personales<\/h2>\n<div class=\"m-legal-content\">\n<h6>1. Introducci\u00f3n<\/h6>\n<div>\n<p>El presente documento contiene la Pol\u00edtica de Privacidad de la empresa: <b>INVERSIONES NACIONALES DE TURISMO S.A. (en adelante, INTURSA)<\/b>, la cual se encuentra en armon\u00eda con la normativa vigente sobre Protecci\u00f3n de Datos Personales (Ley N\u00b0 29733 y Decreto Supremo 003-2013-JUS). En la presente Pol\u00edtica de Privacidad se se\u00f1alan las finalidades de la informaci\u00f3n que usted nos otorga, qui\u00e9nes son los encargados de tratarla, el tiempo de almacenamiento en nuestras Bases de Datos, las medidas de protecci\u00f3n y los medios para ejercer sus derechos como titular de los Datos Personales.<\/p>\n<\/div>\n<\/div>\n<div class=\"m-legal-content\">\n<h6>2. Alcance<\/h6>\n<div>\n<p>La presente Pol\u00edtica se aplica a todo tratamiento de datos personales por parte de INTURSA y tambi\u00e9n de aplicaci\u00f3n para aquellas personas o empresas a las que INTURSA encargue el tratamiento de datos personales de los cuales sea responsable.<\/p>\n<\/div>\n<\/div>\n<div class=\"m-legal-content\">\n<h6>3. Sobre el tipo de Informaci\u00f3n recopilada<\/h6>\n<div>\n<p>INTURSA recolecta informaci\u00f3n personal relativa al nombre, apellidos, correo electr\u00f3nico, n\u00famero telef\u00f3nico, y otra necesaria para cumplir con las finalidades detalladas m\u00e1s adelante. En nuestro sitio web, por medio de formularios virtuales contenidos en secciones como: \u201cD\u00e9jenos tu mensaje\u201d, \u201cSuscribirme\u201d, \u201cCont\u00e1ctanos\u201d, \u201cLibro de Reclamaciones\u201d; usted nos proporciona sus datos. Asimismo, ponemos en su conocimiento que esta informaci\u00f3n ser\u00e1 almacenada en nuestros bancos de datos denominado \u201cLibro de Reclamaciones\u201d o \u201cInteresados\u201d de propiedad de INTURSA.<\/p>\n<p>Por otro lado, para poder remitirle informaci\u00f3n de tipo publicitaria y de prospecci\u00f3n comercial, usted podr\u00e1 otorgarnos su autorizaci\u00f3n expresa por medio de los check box implementados en nuestros consentimientos, sin su autorizaci\u00f3n, INTURSA se abstendr\u00e1 a enviarle este tipo de emails.<\/p>\n<\/div>\n<\/div>\n<div class=\"m-legal-content\">\n<h6>4. Finalidad de los Tratamientos de la Informaci\u00f3n Personal<\/h6>\n<div>\n<p>Las finalidades de tratamiento de los datos personales que nuestros clientes introducen en los diferentes formularios del sitio web se orientan a gestionar contestaci\u00f3n de sus consultas, peticiones y la atenci\u00f3n de cualquier otro tipo de informaci\u00f3n que nos requieran a trav\u00e9s de \u00e9stos.<\/p>\n<p>Los datos personales que usted nos proporciona son utilizados para el cumplimiento de las siguientes finalidades: Registrar los datos personales para fines estad\u00edsticos e hist\u00f3ricos. Atender todos los requerimientos y gestiones derivados de la relaci\u00f3n contractual sostenida con INTURSA<\/p>\n<p>Establecer un medio de comunicaci\u00f3n efectivo para obtener respuesta a las cotizaciones realizadas sobre alg\u00fan servicio que solicita a los hoteles propiedad de INTURSA. Establecer un medio de comunicaci\u00f3n para brindarle respuesta a las solicitudes de gesti\u00f3n, quejas, reclamos presentados en el libro de reclamaciones.<\/p>\n<p>Ahora bien, en caso lo autorice expresamente, INTURSA podr\u00e1 utilizar la informaci\u00f3n que usted nos proporciona para el cumplimiento de las siguientes finalidades adicionales: Comunicar informaci\u00f3n sobre promociones, beneficios, concursos, ofertas y, en general, realizar publicidad sobre servicios de INTURSA; Realizar encuestas de satisfacci\u00f3n, de estudio de demanda, de efectividad de medios, entre otras, vinculadas con las actividades de INTURSA.<\/p>\n<\/div>\n<\/div>\n<div class=\"m-legal-content\">\n<h6>5. Sobre el Acceso de Informaci\u00f3n<\/h6>\n<div>\n<p>Mediante la presente, usted nos autoriza a que podamos compartir y encargar el tratamiento de su informaci\u00f3n personal a terceros (sea empresas nacionales o internacionales) que nos presten servicios para mejorar nuestras actividades.<\/p>\n<p>En estos casos, INTURSA garantizar\u00e1 que el tratamiento de sus datos se limite a las finalidades antes autorizadas, que se mantenga confidencial y se implementen las medidas de seguridad adecuadas.<\/p>\n<p>El detalle de estos terceros con quienes se comparte la informaci\u00f3n a nivel nacional o internacional (flujo transfronterizo) se encuentra detallado en el ANEXO I de la presente pol\u00edtica. Cualquier variaci\u00f3n de los encargados de datos personales ser\u00e1 comunicada a su correo electr\u00f3nico.<\/p>\n<\/div>\n<\/div>\n<div class=\"m-legal-content\">\n<h6>6. Plazo de Tratamiento de Datos Personales<\/h6>\n<div>\n<p>Los datos personales tratados por INTURSA ser\u00e1n almacenados durante un tiempo indeterminado para cumplir los fines previstos en la presente Pol\u00edtica, de acuerdo con el banco de datos involucrado o hasta que usted solicite su cancelaci\u00f3n o eliminaci\u00f3n.<\/p>\n<\/div>\n<\/div>\n<div class=\"m-legal-content\">\n<h6>7. Confidencialidad de los Datos Personales<\/h6>\n<div>\n<p>Los datos personales facilitados por los clientes ser\u00e1n tratados con total confidencialidad. INTURSA se compromete a guardar secreto profesional respecto de los mismos y garantiza el deber de guardarlos adoptando todas las medidas de seguridad necesarias.<\/p>\n<\/div>\n<\/div>\n<div class=\"m-legal-content\">\n<h6>8. Seguridad de los Datos Personales<\/h6>\n<div>\n<p>En cumplimiento de la normativa vigente, INTURSA ha adoptado medidas de seguridad legales, organizativas y t\u00e9cnicas apropiadas para garantizar la seguridad de los datos personales, evitando su alteraci\u00f3n, p\u00e9rdida, tratamiento indebido o acceso no autorizado.<\/p>\n<p>En ese sentido, INTURSA s\u00f3lo realizar\u00e1 el tratamiento de los datos personales que est\u00e9n almacenados en repositorios que re\u00fanan las condiciones de seguridad exigidas por la Normativa de Protecci\u00f3n de Datos Personales.<\/p>\n<\/div>\n<\/div>\n<div class=\"m-legal-content\">\n<h6>9. Sobre el ejercicio de derechos como titular de Datos Personales<\/h6>\n<div>\n<p>Los clientes y usuarios web que hayan facilitado sus datos personales a INTURSA pueden dirigirse a la suscrita, con el fin de poder ejercer sus derechos de informaci\u00f3n, de acceso, de actualizaci\u00f3n, inclusi\u00f3n, rectificaci\u00f3n y supresi\u00f3n, de impedir el suministro de sus datos personales, de oposici\u00f3n al tratamiento o de tratamiento objetivo de los datos, en los t\u00e9rminos recogidos en la legislaci\u00f3n peruana vigente.<\/p>\n<p>Para poder ejercer estos derechos, puede realizarlo ingresando a <a title=\"Derechos arco\" href=\"..\/derechos-arco\" target=\"_self\" rel=\"noopener\">www.libertador.com.pe\/derechos-arco<\/a><\/p>\n<\/div>\n<\/div>\n<div class=\"m-legal-content\">\n<h6>10. Consentimiento<\/h6>\n<div>\n<p>Al aceptar esta Pol\u00edtica de Privacidad, nuestros clientes y usuarios web est\u00e1n de acuerdo con todos los aspectos expuestos en este documento y nos autorizan a tratar sus datos de car\u00e1cter personal para las finalidades expuestas en el presente documento.<\/p>\n<p>Cabe precisar que INTURSA no requiere consentimiento para tratar sus datos personales obtenidos de fuentes accesibles al p\u00fablico, gratuitas o no; asimismo, podr\u00e1 tratar sus datos personales de fuentes no p\u00fablicas, siempre que dichas fuentes cuenten con su consentimiento para tratar y transferir dichos datos personales.<\/p>\n<\/div>\n<\/div>\n<div class=\"m-legal-content\">\n<h6>11. Vigencia y Modificaci\u00f3n de la Pol\u00edtica de Privacidad<\/h6>\n<div>\n<p>INTURSA se reserva el derecho a modificar su Pol\u00edtica de Privacidad en el supuesto de que exista un cambio en la legislaci\u00f3n vigente, doctrinal, jurisprudencial o por criterios propios empresariales. INTURSA podr\u00e1 realizar modificaciones y correcciones a esta Pol\u00edtica de Privacidad. Si se introdujera alg\u00fan cambio en esta Pol\u00edtica, el nuevo texto se publicar\u00e1 en esta misma web. Por favor s\u00edrvase a verificar regularmente estos t\u00e9rminos para consultar los cambios que puedan haber existido y de qu\u00e9 manera le pueden afectar.<\/p>\n<\/div>\n<\/div>\n","protected":false},"excerpt":{"rendered":"<p>Pol\u00edtica de protecci\u00f3n de datos personales 1. Introducci\u00f3n El presente documento contiene la Pol\u00edtica de Privacidad de la empresa: INVERSIONES NACIONALES DE TURISMO S.A. (en adelante, INTURSA), la cual se encuentra en armon\u00eda con la normativa vigente sobre Protecci\u00f3n de Datos Personales (Ley N\u00b0 29733 y Decreto Supremo 003-2013-JUS). En la presente Pol\u00edtica de Privacidad [&hellip;]<\/p>\n","protected":false},"author":1,"featured_media":0,"parent":0,"menu_order":0,"comment_status":"closed","ping_status":"closed","template":"page-proteccion-datos.php","meta":{"footnotes":""},"class_list":["post-315","page","type-page","status-publish","hentry"],"acf":[],"yoast_head":"<!-- This site is optimized with the Yoast SEO plugin v22.6 - https:\/\/yoast.com\/wordpress\/plugins\/seo\/ -->\n<title>Intursa - Protecci\u00f3n de datos<\/title>\n<meta name=\"robots\" content=\"noindex, follow, max-snippet:-1, max-image-preview:large, max-video-preview:-1\" \/>\n<meta property=\"og:locale\" content=\"es_ES\" \/>\n<meta property=\"og:type\" content=\"article\" \/>\n<meta property=\"og:title\" content=\"Intursa - Protecci\u00f3n de datos\" \/>\n<meta property=\"og:description\" content=\"Pol\u00edtica de protecci\u00f3n de datos personales 1. Introducci\u00f3n El presente documento contiene la Pol\u00edtica de Privacidad de la empresa: INVERSIONES NACIONALES DE TURISMO S.A. (en adelante, INTURSA), la cual se encuentra en armon\u00eda con la normativa vigente sobre Protecci\u00f3n de Datos Personales (Ley N\u00b0 29733 y Decreto Supremo 003-2013-JUS). En la presente Pol\u00edtica de Privacidad [&hellip;]\" \/>\n<meta property=\"og:url\" content=\"https:\/\/clientes.burns.pe\/hotel-libertador\/proteccion-de-datos\/\" \/>\n<meta property=\"og:site_name\" content=\"Intursa\" \/>\n<meta property=\"article:publisher\" content=\"https:\/\/www.facebook.com\/hoteleslibertador\/\" \/>\n<meta property=\"article:modified_time\" content=\"2024-06-10T18:31:10+00:00\" \/>\n<meta property=\"og:image\" content=\"https:\/\/clientes.burns.pe\/hotel-libertador\/wp-content\/uploads\/2023\/04\/screenshot.png\" \/>\n\t<meta property=\"og:image:width\" content=\"1200\" \/>\n\t<meta property=\"og:image:height\" content=\"900\" \/>\n\t<meta property=\"og:image:type\" content=\"image\/png\" \/>\n<meta name=\"twitter:card\" content=\"summary_large_image\" \/>\n<meta name=\"twitter:site\" content=\"@Libertadorhtls\" \/>\n<meta name=\"twitter:label1\" content=\"Est. reading time\" \/>\n\t<meta name=\"twitter:data1\" content=\"5 minutos\" \/>\n<script type=\"application\/ld+json\" class=\"yoast-schema-graph\">{\"@context\":\"https:\/\/schema.org\",\"@graph\":[{\"@type\":\"WebPage\",\"@id\":\"https:\/\/clientes.burns.pe\/hotel-libertador\/proteccion-de-datos\/\",\"url\":\"https:\/\/clientes.burns.pe\/hotel-libertador\/proteccion-de-datos\/\",\"name\":\"Intursa - Protecci\u00f3n de datos\",\"isPartOf\":{\"@id\":\"https:\/\/clientes.burns.pe\/hotel-libertador\/#website\"},\"datePublished\":\"2023-03-30T21:44:30+00:00\",\"dateModified\":\"2024-06-10T18:31:10+00:00\",\"breadcrumb\":{\"@id\":\"https:\/\/clientes.burns.pe\/hotel-libertador\/proteccion-de-datos\/#breadcrumb\"},\"inLanguage\":\"es-PE\",\"potentialAction\":[{\"@type\":\"ReadAction\",\"target\":[\"https:\/\/clientes.burns.pe\/hotel-libertador\/proteccion-de-datos\/\"]}]},{\"@type\":\"BreadcrumbList\",\"@id\":\"https:\/\/clientes.burns.pe\/hotel-libertador\/proteccion-de-datos\/#breadcrumb\",\"itemListElement\":[{\"@type\":\"ListItem\",\"position\":1,\"name\":\"Home\",\"item\":\"https:\/\/clientes.burns.pe\/hotel-libertador\/\"},{\"@type\":\"ListItem\",\"position\":2,\"name\":\"Protecci\u00f3n de datos\"}]},{\"@type\":\"WebSite\",\"@id\":\"https:\/\/clientes.burns.pe\/hotel-libertador\/#website\",\"url\":\"https:\/\/clientes.burns.pe\/hotel-libertador\/\",\"name\":\"Hotel Libertador\",\"description\":\"Intursa, Lima, Cuzco, Paracas y Puno. Reserve en los mejores hoteles para su estancia. Reservas al +51(1)518-6300\",\"publisher\":{\"@id\":\"https:\/\/clientes.burns.pe\/hotel-libertador\/#organization\"},\"potentialAction\":[{\"@type\":\"SearchAction\",\"target\":{\"@type\":\"EntryPoint\",\"urlTemplate\":\"https:\/\/clientes.burns.pe\/hotel-libertador\/?s={search_term_string}\"},\"query-input\":\"required name=search_term_string\"}],\"inLanguage\":\"es-PE\"},{\"@type\":\"Organization\",\"@id\":\"https:\/\/clientes.burns.pe\/hotel-libertador\/#organization\",\"name\":\"Hotel Libertador\",\"url\":\"https:\/\/clientes.burns.pe\/hotel-libertador\/\",\"logo\":{\"@type\":\"ImageObject\",\"inLanguage\":\"es-PE\",\"@id\":\"https:\/\/clientes.burns.pe\/hotel-libertador\/#\/schema\/logo\/image\/\",\"url\":\"http:\/\/hotelibertador.test\/wp-content\/uploads\/2023\/04\/screenshot.png\",\"contentUrl\":\"http:\/\/hotelibertador.test\/wp-content\/uploads\/2023\/04\/screenshot.png\",\"width\":1200,\"height\":900,\"caption\":\"Hotel Libertador\"},\"image\":{\"@id\":\"https:\/\/clientes.burns.pe\/hotel-libertador\/#\/schema\/logo\/image\/\"},\"sameAs\":[\"https:\/\/www.facebook.com\/hoteleslibertador\/\",\"https:\/\/x.com\/Libertadorhtls\",\"https:\/\/www.youtube.com\/user\/LibertadorHotelsRS\"]}]}<\/script>\n<!-- \/ Yoast SEO plugin. -->","yoast_head_json":{"title":"Intursa - Protecci\u00f3n de datos","robots":{"index":"noindex","follow":"follow","max-snippet":"max-snippet:-1","max-image-preview":"max-image-preview:large","max-video-preview":"max-video-preview:-1"},"og_locale":"es_ES","og_type":"article","og_title":"Intursa - Protecci\u00f3n de datos","og_description":"Pol\u00edtica de protecci\u00f3n de datos personales 1. Introducci\u00f3n El presente documento contiene la Pol\u00edtica de Privacidad de la empresa: INVERSIONES NACIONALES DE TURISMO S.A. (en adelante, INTURSA), la cual se encuentra en armon\u00eda con la normativa vigente sobre Protecci\u00f3n de Datos Personales (Ley N\u00b0 29733 y Decreto Supremo 003-2013-JUS). En la presente Pol\u00edtica de Privacidad [&hellip;]","og_url":"https:\/\/clientes.burns.pe\/hotel-libertador\/proteccion-de-datos\/","og_site_name":"Intursa","article_publisher":"https:\/\/www.facebook.com\/hoteleslibertador\/","article_modified_time":"2024-06-10T18:31:10+00:00","og_image":[{"width":1200,"height":900,"url":"https:\/\/clientes.burns.pe\/hotel-libertador\/wp-content\/uploads\/2023\/04\/screenshot.png","type":"image\/png"}],"twitter_card":"summary_large_image","twitter_site":"@Libertadorhtls","twitter_misc":{"Est. reading time":"5 minutos"},"schema":{"@context":"https:\/\/schema.org","@graph":[{"@type":"WebPage","@id":"https:\/\/clientes.burns.pe\/hotel-libertador\/proteccion-de-datos\/","url":"https:\/\/clientes.burns.pe\/hotel-libertador\/proteccion-de-datos\/","name":"Intursa - Protecci\u00f3n de datos","isPartOf":{"@id":"https:\/\/clientes.burns.pe\/hotel-libertador\/#website"},"datePublished":"2023-03-30T21:44:30+00:00","dateModified":"2024-06-10T18:31:10+00:00","breadcrumb":{"@id":"https:\/\/clientes.burns.pe\/hotel-libertador\/proteccion-de-datos\/#breadcrumb"},"inLanguage":"es-PE","potentialAction":[{"@type":"ReadAction","target":["https:\/\/clientes.burns.pe\/hotel-libertador\/proteccion-de-datos\/"]}]},{"@type":"BreadcrumbList","@id":"https:\/\/clientes.burns.pe\/hotel-libertador\/proteccion-de-datos\/#breadcrumb","itemListElement":[{"@type":"ListItem","position":1,"name":"Home","item":"https:\/\/clientes.burns.pe\/hotel-libertador\/"},{"@type":"ListItem","position":2,"name":"Protecci\u00f3n de datos"}]},{"@type":"WebSite","@id":"https:\/\/clientes.burns.pe\/hotel-libertador\/#website","url":"https:\/\/clientes.burns.pe\/hotel-libertador\/","name":"Hotel Libertador","description":"Intursa, Lima, Cuzco, Paracas y Puno. Reserve en los mejores hoteles para su estancia. Reservas al +51(1)518-6300","publisher":{"@id":"https:\/\/clientes.burns.pe\/hotel-libertador\/#organization"},"potentialAction":[{"@type":"SearchAction","target":{"@type":"EntryPoint","urlTemplate":"https:\/\/clientes.burns.pe\/hotel-libertador\/?s={search_term_string}"},"query-input":"required name=search_term_string"}],"inLanguage":"es-PE"},{"@type":"Organization","@id":"https:\/\/clientes.burns.pe\/hotel-libertador\/#organization","name":"Hotel Libertador","url":"https:\/\/clientes.burns.pe\/hotel-libertador\/","logo":{"@type":"ImageObject","inLanguage":"es-PE","@id":"https:\/\/clientes.burns.pe\/hotel-libertador\/#\/schema\/logo\/image\/","url":"http:\/\/hotelibertador.test\/wp-content\/uploads\/2023\/04\/screenshot.png","contentUrl":"http:\/\/hotelibertador.test\/wp-content\/uploads\/2023\/04\/screenshot.png","width":1200,"height":900,"caption":"Hotel Libertador"},"image":{"@id":"https:\/\/clientes.burns.pe\/hotel-libertador\/#\/schema\/logo\/image\/"},"sameAs":["https:\/\/www.facebook.com\/hoteleslibertador\/","https:\/\/x.com\/Libertadorhtls","https:\/\/www.youtube.com\/user\/LibertadorHotelsRS"]}]}},"_links":{"self":[{"href":"https:\/\/clientes.burns.pe\/hotel-libertador\/wp-json\/wp\/v2\/pages\/315","targetHints":{"allow":["GET"]}}],"collection":[{"href":"https:\/\/clientes.burns.pe\/hotel-libertador\/wp-json\/wp\/v2\/pages"}],"about":[{"href":"https:\/\/clientes.burns.pe\/hotel-libertador\/wp-json\/wp\/v2\/types\/page"}],"author":[{"embeddable":true,"href":"https:\/\/clientes.burns.pe\/hotel-libertador\/wp-json\/wp\/v2\/users\/1"}],"replies":[{"embeddable":true,"href":"https:\/\/clientes.burns.pe\/hotel-libertador\/wp-json\/wp\/v2\/comments?post=315"}],"version-history":[{"count":18,"href":"https:\/\/clientes.burns.pe\/hotel-libertador\/wp-json\/wp\/v2\/pages\/315\/revisions"}],"predecessor-version":[{"id":1546,"href":"https:\/\/clientes.burns.pe\/hotel-libertador\/wp-json\/wp\/v2\/pages\/315\/revisions\/1546"}],"wp:attachment":[{"href":"https:\/\/clientes.burns.pe\/hotel-libertador\/wp-json\/wp\/v2\/media?parent=315"}],"curies":[{"name":"wp","href":"https:\/\/api.w.org\/{rel}","templated":true}]}}