{"id":5650,"date":"2022-06-16T15:48:05","date_gmt":"2022-06-16T20:48:05","guid":{"rendered":"https:\/\/urbanova.com\/?page_id=5650"},"modified":"2023-10-03T09:12:39","modified_gmt":"2023-10-03T14:12:39","slug":"hoteles","status":"publish","type":"page","link":"https:\/\/clientes.burns.pe\/urbanova\/hoteles\/","title":{"rendered":"Hoteles"},"content":{"rendered":"<p>[vc_row][vc_column]<div class=\"banners-caorusel-container banners-caorusel-container--full-width banners-caorusel-container--single\">\n    <div class=\"ms-wrapper-slider\">\n        <div class=\"ms-slider ms-banners-carousel\">\n            <div class=\"ms-item\">\n    <div class=\"ms-wrapper-item\">\n        <h1 class=\"ms-title\">\n            <span class=\"ms-wrapper-text\">\n                Hoteles: experiencias transformadoras en destinos \u00fanicos.\n                            <\/span>\n        <\/h1>\n        <img src=\"https:\/\/clientes.burns.pe\/urbanova\/wp-content\/uploads\/2023\/05\/banner-hoteles.jpg\" alt=\"\">\n    <\/div>\n<\/div>\n        <\/div>\n        <div class=\"ms-wrapper-btn\">\n            <button class=\"ms-btn-prev ms-banners-carousel-prev\"><span class=\"icon-arrows-left\"><\/span><\/button>\n            <button class=\"ms-btn-next ms-banners-carousel-next\"><span class=\"icon-arrows-left\"><\/span><\/button>\n        <\/div>\n    <\/div>\n<\/div>\n[\/vc_column][\/vc_row][vc_row equal_height=&#8221;yes&#8221; content_placement=&#8221;middle&#8221; row_content_width=&#8221;grid&#8221; css=&#8221;.vc_custom_1655707587734{padding-bottom: 60px !important;}&#8221; el_class=&#8221;row-full-width-img-txt&#8221;][vc_column][vc_empty_space height=&#8221;50px&#8221;][vc_column_text]<\/p>\n<p style=\"font-size: 18px; text-align: center;\"><span style=\"color: #00327e;\">El portafolio hotelero de Urbanova est\u00e1 compuesto por activos destacados en destinos \u00fanicos, los cuales operan bajo marcas internacionales de Marriott International. Destacan hoteles ic\u00f3nicos urbanos y resorts de lujo irreplicables, todos fieles representantes de los grandes destinos donde se encuentran.<\/span><\/p>\n<p>[\/vc_column_text][\/vc_column][\/vc_row][vc_row row_content_width=&#8221;grid&#8221; el_class=&#8221;urbanova-hotels-section&#8221;][vc_column][vc_row_inner el_class=&#8221;urbanova-hotels-section-inner&#8221;][vc_column_inner width=&#8221;1\/3&#8243; css=&#8221;.vc_custom_1655767937320{padding-right: 30px !important;padding-left: 30px !important;}&#8221;][vc_single_image image=&#8221;8385&#8243; img_size=&#8221;full&#8221;][vc_empty_space height=&#8221;22px&#8221;]<div class=\"eltdf-section-title-holder  eltdf-st-standard eltdf-st-title-left eltdf-st-normal-space \" >\n\t<div class=\"eltdf-st-inner\">\n\t\t\t\t\t<h3 class=\"eltdf-st-title\" style=\"color: #00327e\">\n\t\t\t\t<span class=\"eltdf-st-title-light\">Courtyard<\/span> <span class=\"eltdf-st-title-light\">by<\/span> <span class=\"eltdf-st-title-light\">Marriott<\/span> <span class=\"eltdf-st-title-light\">Lima<\/span> <span class=\"eltdf-st-title-light\">Miraflores<\/span>\t\t\t<\/h3>\n\t\t\t\t\t\t\t\t\t<p class=\"eltdf-st-text\" style=\"color: #808285\">\n\t\t\t\tC. Schell 400, Miraflores\t\t\t<\/p>\n\t\t\t<\/div>\n<\/div>[vc_empty_space height=&#8221;22px&#8221;][vc_empty_space height=&#8221;30px&#8221;][vc_single_image image=&#8221;6650&#8243; img_size=&#8221;full&#8221;][vc_empty_space height=&#8221;22px&#8221;]<div class=\"eltdf-section-title-holder  eltdf-st-standard eltdf-st-title-left eltdf-st-normal-space \" >\n\t<div class=\"eltdf-st-inner\">\n\t\t\t\t\t<h3 class=\"eltdf-st-title\" style=\"color: #00327e\">\n\t\t\t\t<span class=\"eltdf-st-title-light\">Aloft<\/span> <span class=\"eltdf-st-title-light\">Lima<\/span> <span class=\"eltdf-st-title-light\">Miraflores<\/span>\t\t\t<\/h3>\n\t\t\t\t\t\t\t\t\t<p class=\"eltdf-st-text\" style=\"color: #808285\">\n\t\t\t\tMiraflores, Lima, Per\u00fa\t\t\t<\/p>\n\t\t\t<\/div>\n<\/div>[vc_empty_space height=&#8221;22px&#8221;][vc_empty_space height=&#8221;30px&#8221;][vc_single_image image=&#8221;8387&#8243; img_size=&#8221;full&#8221;][vc_empty_space height=&#8221;22px&#8221;]<div class=\"eltdf-section-title-holder  eltdf-st-standard eltdf-st-title-left eltdf-st-normal-space \" >\n\t<div class=\"eltdf-st-inner\">\n\t\t\t\t\t<h3 class=\"eltdf-st-title\" style=\"color: #00327e\">\n\t\t\t\t<span class=\"eltdf-st-title-light\">JW<\/span> <span class=\"eltdf-st-title-light\">Marriott<\/span> <span class=\"eltdf-st-title-light\">El<\/span> <span class=\"eltdf-st-title-light\">Convento<\/span> <span class=\"eltdf-st-title-light\">Cusco<\/span>\t\t\t<\/h3>\n\t\t\t\t\t\t\t\t\t<p class=\"eltdf-st-text\" style=\"color: #808285\">\n\t\t\t\tEsquina De La, Ruinas 432, Cusco\t\t\t<\/p>\n\t\t\t<\/div>\n<\/div>[vc_empty_space height=&#8221;22px&#8221;][vc_empty_space height=&#8221;30px&#8221;][\/vc_column_inner][vc_column_inner width=&#8221;1\/3&#8243; css=&#8221;.vc_custom_1655767943415{padding-right: 30px !important;padding-left: 30px !important;}&#8221;][vc_single_image image=&#8221;6825&#8243; img_size=&#8221;full&#8221;][vc_empty_space height=&#8221;22px&#8221;]<div class=\"eltdf-section-title-holder  eltdf-st-standard eltdf-st-title-left eltdf-st-normal-space \" >\n\t<div class=\"eltdf-st-inner\">\n\t\t\t\t\t<h3 class=\"eltdf-st-title\" style=\"color: #00327e\">\n\t\t\t\t<span class=\"eltdf-st-title-light\">JW<\/span> <span class=\"eltdf-st-title-light\">Marriott<\/span> <span class=\"eltdf-st-title-light\">Lima<\/span>\t\t\t<\/h3>\n\t\t\t\t\t\t\t\t\t<p class=\"eltdf-st-text\" style=\"color: #808285\">\n\t\t\t\tMal. de la Reserva 615, Miraflores\t\t\t<\/p>\n\t\t\t<\/div>\n<\/div>[vc_empty_space height=&#8221;22px&#8221;][vc_empty_space height=&#8221;30px&#8221;][vc_single_image image=&#8221;6653&#8243; img_size=&#8221;full&#8221;][vc_empty_space height=&#8221;22px&#8221;]<div class=\"eltdf-section-title-holder  eltdf-st-standard eltdf-st-title-left eltdf-st-normal-space \" >\n\t<div class=\"eltdf-st-inner\">\n\t\t\t\t\t<h3 class=\"eltdf-st-title\" style=\"color: #00327e\">\n\t\t\t\t<span class=\"eltdf-st-title-light\">The<\/span> <span class=\"eltdf-st-title-light\">Westin<\/span> <span class=\"eltdf-st-title-light\">Lima<\/span> <span class=\"eltdf-st-title-light\">Hotel<\/span> <span class=\"eltdf-st-title-light\">&amp;<\/span> <span class=\"eltdf-st-title-light\">Convention<\/span> <span class=\"eltdf-st-title-light\">Center<\/span>\t\t\t<\/h3>\n\t\t\t\t\t\t\t\t\t<p class=\"eltdf-st-text\" style=\"color: #808285\">\n\t\t\t\tSan Isidro, Lima, Per\u00fa\t\t\t<\/p>\n\t\t\t<\/div>\n<\/div>[vc_empty_space height=&#8221;22px&#8221;][vc_empty_space height=&#8221;30px&#8221;][vc_single_image image=&#8221;6652&#8243; img_size=&#8221;full&#8221;][vc_empty_space height=&#8221;22px&#8221;]<div class=\"eltdf-section-title-holder  eltdf-st-standard eltdf-st-title-left eltdf-st-normal-space \" >\n\t<div class=\"eltdf-st-inner\">\n\t\t\t\t\t<h3 class=\"eltdf-st-title\" style=\"color: #00327e\">\n\t\t\t\t<span class=\"eltdf-st-title-light\">Tambo<\/span> <span class=\"eltdf-st-title-light\">del<\/span> <span class=\"eltdf-st-title-light\">Inka,<\/span> <span class=\"eltdf-st-title-light\">a<\/span> <span class=\"eltdf-st-title-light\">Luxury<\/span> <span class=\"eltdf-st-title-light\">Collection<\/span> <span class=\"eltdf-st-title-light\">Resorts<\/span> <span class=\"eltdf-st-title-light\">&amp;<\/span> <span class=\"eltdf-st-title-light\">Spa<\/span>\t\t\t<\/h3>\n\t\t\t\t\t\t\t\t\t<p class=\"eltdf-st-text\" style=\"color: #808285\">\n\t\t\t\tUrbamba, Cusco, Per\u00fa\t\t\t<\/p>\n\t\t\t<\/div>\n<\/div>[vc_empty_space height=&#8221;22px&#8221;][vc_empty_space height=&#8221;30px&#8221;][\/vc_column_inner][vc_column_inner width=&#8221;1\/3&#8243; css=&#8221;.vc_custom_1655767960831{padding-right: 30px !important;padding-left: 30px !important;}&#8221;][vc_single_image image=&#8221;6649&#8243; img_size=&#8221;full&#8221;][vc_empty_space height=&#8221;22px&#8221;]<div class=\"eltdf-section-title-holder  eltdf-st-standard eltdf-st-title-left eltdf-st-normal-space \" >\n\t<div class=\"eltdf-st-inner\">\n\t\t\t\t\t<h3 class=\"eltdf-st-title\" style=\"color: #00327e\">\n\t\t\t\t<span class=\"eltdf-st-title-light\">AC<\/span> <span class=\"eltdf-st-title-light\">Hotel<\/span> <span class=\"eltdf-st-title-light\">Lima<\/span> <span class=\"eltdf-st-title-light\">Miraflores<\/span>\t\t\t<\/h3>\n\t\t\t\t\t\t\t\t\t<p class=\"eltdf-st-text\" style=\"color: #808285\">\n\t\t\t\tMiraflores, Lima, Per\u00fa\t\t\t<\/p>\n\t\t\t<\/div>\n<\/div>[vc_empty_space height=&#8221;22px&#8221;][vc_empty_space height=&#8221;30px&#8221;][vc_single_image image=&#8221;8386&#8243; img_size=&#8221;full&#8221;][vc_empty_space height=&#8221;22px&#8221;]<div class=\"eltdf-section-title-holder  eltdf-st-standard eltdf-st-title-left eltdf-st-normal-space \" >\n\t<div class=\"eltdf-st-inner\">\n\t\t\t\t\t<h3 class=\"eltdf-st-title\" style=\"color: #00327e\">\n\t\t\t\t<span class=\"eltdf-st-title-light\">Palacio<\/span> <span class=\"eltdf-st-title-light\">del<\/span> <span class=\"eltdf-st-title-light\">Inka,<\/span> <span class=\"eltdf-st-title-light\">a<\/span> <span class=\"eltdf-st-title-light\">Luxury<\/span> <span class=\"eltdf-st-title-light\">Collection<\/span> <span class=\"eltdf-st-title-light\">Hotel<\/span>\t\t\t<\/h3>\n\t\t\t\t\t\t\t\t\t<p class=\"eltdf-st-text\" style=\"color: #808285\">\n\t\t\t\tCusco, Cusco, Per\u00fa\t\t\t<\/p>\n\t\t\t<\/div>\n<\/div>[vc_empty_space height=&#8221;22px&#8221;][vc_empty_space height=&#8221;30px&#8221;][vc_single_image image=&#8221;6651&#8243; img_size=&#8221;full&#8221;][vc_empty_space height=&#8221;22px&#8221;]<div class=\"eltdf-section-title-holder  eltdf-st-standard eltdf-st-title-left eltdf-st-normal-space \" >\n\t<div class=\"eltdf-st-inner\">\n\t\t\t\t\t<h3 class=\"eltdf-st-title\" style=\"color: #00327e\">\n\t\t\t\t<span class=\"eltdf-st-title-light\">Hotel<\/span> <span class=\"eltdf-st-title-light\">Paracas,<\/span> <span class=\"eltdf-st-title-light\">a<\/span> <span class=\"eltdf-st-title-light\">Luxury<\/span> <span class=\"eltdf-st-title-light\">Collection<\/span> <span class=\"eltdf-st-title-light\">Resort<\/span>\t\t\t<\/h3>\n\t\t\t\t\t\t\t\t\t<p class=\"eltdf-st-text\" style=\"color: #808285\">\n\t\t\t\tParacas, Ica, Per\u00fa\t\t\t<\/p>\n\t\t\t<\/div>\n<\/div>[vc_empty_space height=&#8221;22px&#8221;][vc_empty_space height=&#8221;30px&#8221;][\/vc_column_inner][\/vc_row_inner][vc_empty_space height=&#8221;40px&#8221;][vc_separator color=&#8221;custom&#8221; accent_color=&#8221;#cbcbcb&#8221;][vc_empty_space height=&#8221;60px&#8221;][\/vc_column][\/vc_row]<\/p>\n","protected":false},"excerpt":{"rendered":"<p>[vc_row][vc_column][\/vc_column][\/vc_row][vc_row equal_height=&#8221;yes&#8221; content_placement=&#8221;middle&#8221; row_content_width=&#8221;grid&#8221; css=&#8221;.vc_custom_1655707587734{padding-bottom: 60px !important;}&#8221; el_class=&#8221;row-full-width-img-txt&#8221;][vc_column][vc_empty_space height=&#8221;50px&#8221;][vc_column_text] El portafolio hotelero de Urbanova est\u00e1 compuesto por activos destacados en destinos \u00fanicos, los cuales operan bajo marcas internacionales de Marriott International. Destacan hoteles ic\u00f3nicos urbanos y resorts de lujo irreplicables, [&hellip;]<\/p>\n","protected":false},"author":4,"featured_media":0,"parent":0,"menu_order":0,"comment_status":"closed","ping_status":"closed","template":"full-width.php","meta":{"_seopress_robots_primary_cat":"","inline_featured_image":false},"acf":[],"lang":"es","translations":{"es":5650},"pll_sync_post":[],"_links":{"self":[{"href":"https:\/\/clientes.burns.pe\/urbanova\/wp-json\/wp\/v2\/pages\/5650"}],"collection":[{"href":"https:\/\/clientes.burns.pe\/urbanova\/wp-json\/wp\/v2\/pages"}],"about":[{"href":"https:\/\/clientes.burns.pe\/urbanova\/wp-json\/wp\/v2\/types\/page"}],"author":[{"embeddable":true,"href":"https:\/\/clientes.burns.pe\/urbanova\/wp-json\/wp\/v2\/users\/4"}],"replies":[{"embeddable":true,"href":"https:\/\/clientes.burns.pe\/urbanova\/wp-json\/wp\/v2\/comments?post=5650"}],"version-history":[{"count":57,"href":"https:\/\/clientes.burns.pe\/urbanova\/wp-json\/wp\/v2\/pages\/5650\/revisions"}],"predecessor-version":[{"id":10675,"href":"https:\/\/clientes.burns.pe\/urbanova\/wp-json\/wp\/v2\/pages\/5650\/revisions\/10675"}],"wp:attachment":[{"href":"https:\/\/clientes.burns.pe\/urbanova\/wp-json\/wp\/v2\/media?parent=5650"}],"curies":[{"name":"wp","href":"https:\/\/api.w.org\/{rel}","templated":true}]}}