{"id":9989,"date":"2023-08-02T17:39:15","date_gmt":"2023-08-02T22:39:15","guid":{"rendered":"https:\/\/clientes.burns.pe\/urbanova\/?page_id=9989"},"modified":"2025-04-02T16:07:19","modified_gmt":"2025-04-02T21:07:19","slug":"san-isidro","status":"publish","type":"page","link":"https:\/\/clientes.burns.pe\/urbanova\/oficinas\/san-isidro\/","title":{"rendered":"Paseo Begonias (San Isidro)"},"content":{"rendered":"","protected":false},"excerpt":{"rendered":"<p>Nuestros edificios se encuentran en un espacio donde las cosas pasan, donde conectamos a nuestra comunidad con una amplia variedad de experiencias \u00fanicas donde podr\u00e1s encontrar gastronom\u00eda, retail, arte, cultura y m\u00e1s alrededor del bienestar, la emoci\u00f3n y lo vibrante. Ubicado en el distrito de San Isidro, Lima, Per\u00fa, en Paseo Begonias siempre habr\u00e1 algo que disfrutar gracias a su variedad de restaurantes, tiendas retail y espacios culturales. <\/p>\n","protected":false},"author":4,"featured_media":10217,"parent":9948,"menu_order":0,"comment_status":"closed","ping_status":"closed","template":"single-offices.php","meta":{"_seopress_robots_primary_cat":"","inline_featured_image":false},"acf":[],"lang":"es","translations":{"es":9989},"pll_sync_post":[],"_links":{"self":[{"href":"https:\/\/clientes.burns.pe\/urbanova\/wp-json\/wp\/v2\/pages\/9989"}],"collection":[{"href":"https:\/\/clientes.burns.pe\/urbanova\/wp-json\/wp\/v2\/pages"}],"about":[{"href":"https:\/\/clientes.burns.pe\/urbanova\/wp-json\/wp\/v2\/types\/page"}],"author":[{"embeddable":true,"href":"https:\/\/clientes.burns.pe\/urbanova\/wp-json\/wp\/v2\/users\/4"}],"replies":[{"embeddable":true,"href":"https:\/\/clientes.burns.pe\/urbanova\/wp-json\/wp\/v2\/comments?post=9989"}],"version-history":[{"count":45,"href":"https:\/\/clientes.burns.pe\/urbanova\/wp-json\/wp\/v2\/pages\/9989\/revisions"}],"predecessor-version":[{"id":12559,"href":"https:\/\/clientes.burns.pe\/urbanova\/wp-json\/wp\/v2\/pages\/9989\/revisions\/12559"}],"up":[{"embeddable":true,"href":"https:\/\/clientes.burns.pe\/urbanova\/wp-json\/wp\/v2\/pages\/9948"}],"wp:featuredmedia":[{"embeddable":true,"href":"https:\/\/clientes.burns.pe\/urbanova\/wp-json\/wp\/v2\/media\/10217"}],"wp:attachment":[{"href":"https:\/\/clientes.burns.pe\/urbanova\/wp-json\/wp\/v2\/media?parent=9989"}],"curies":[{"name":"wp","href":"https:\/\/api.w.org\/{rel}","templated":true}]}}